2, -k + 2*c + 3 + 7 = 0. What is the remainder when 25 is divided by k?
11
Let u(r) = -r + 6. Let c(i) = -i + 3. Let f be c(3). Let g be u(f). Suppose -60 = 2*k - g*k. Calculate the remainder when 28 is divided by k.
13
Suppose -4*v + 137 + 3 = 0. Suppose -5*k = -v - 200. What is the remainder when k is divided by 16?
15
Suppose x - 36 - 21 = -4*m, 2*m - 61 = -x. Calculate the remainder when x is divided by 23.
19
Let l = 35 + -25. Suppose -2*v - 2 = -l. Let u = v - -5. Calculate the remainder when u is divided by 5.
4
Let m(i) = i - 7. Let z be m(5). Suppose 0*r = -r, -5*n - 3*r = -155. Calculate the remainder when n is divided by 62/4 - 1/z.
15
Let b(i) = -i**3 + 4*i**2 - 3*i + 3. Let l(f) be the second derivative of f**3/6 + 2*f**2 - 8*f. Calculate the remainder when b(3) is divided by l(-2).
1
What is the remainder when 6 is divided by 1/(-2) - 4/((-56)/63)?
2
Suppose -1 = -4*d + 15. Let a(t) = -d + 6 - 3 + 10*t. What is the remainder when 17 is divided by a(1)?
8
Suppose -2*v - 2*s = -148, -4*s - 24 = -4*v + 272. What is the remainder when v is divided by 25?
24
Suppose 0 = -y + 4*y + 15, y + 70 = p. Let h(o) = o**3 + 4*o**2 - 4*o + 1. What is the remainder when p is divided by h(-4)?
14
Let s = 263 + -129. Let j = s - 90. Calculate the remainder when j is divided by 15.
14
Let r(t) = t**3 - 3*t**2 - 6*t + 3. Let o(s) = 0 + 4*s**2 + 1 + 3*s + 1. Calculate the remainder when r(5) is divided by o(-2).
11
Suppose 112 = 4*l + 2*r - r, -2*l + 4*r = -38. Suppose 10 = i + i, 2*h = i + 23. What is the remainder when l is divided by h?
13
Let x = -72 - -134. Calculate the remainder when x is divided by 17.
11
Let w = -15 + 18. Suppose t + w*t = 36. What is the remainder when 26 is divided by t?
8
Let m be 1*(5 + (-3)/1). What is the remainder when 31*m/(2/1) is divided by 11?
9
Calculate the remainder when 23 is divided by 216/(-16)*(3 - (-22)/(-6)).
5
Suppose 0 = -3*w - 2*h + 86, 10*w = 5*w - 3*h + 145. Let d = -15 + w. What is the remainder when 33 is divided by d?
16
Suppose -w = 5*f - 7 - 27, -2*f + 4*w = 4. What is the remainder when 10 is divided by f?
4
Suppose -4*d - 3*g + 83 = 0, 2*d - 15 = -4*g + 19. What is the remainder when d is divided by 12?
11
Suppose -6*t + 68 - 14 = 0. What is the remainder when 32 is divided by t?
5
Let f be 1 - 3*(-2 - -1). Let u = 5 - f. Calculate the remainder when -2 - u/1*-21 is divided by 10.
9
Let t = -7 - -9. Suppose 162 = 4*c + 2*m, -t*c + 3*m + 90 = m. Calculate the remainder when c is divided by 11.
9
Let v(q) = q + 15 + 12 - 17. Calculate the remainder when 12 is divided by v(-5).
2
Let t(i) = 10*i + 79. Let l be t(-8). Let z(y) = -2*y - 5*y - 2*y. Calculate the remainder when 26 is divided by z(l).
8
Let q(m) = 5*m**2 - 3*m - 2. Calculate the remainder when 143 is divided by q(-2).
23
Suppose 15 = 3*b, t + b - 12 = -b. Calculate the remainder when (-6)/(-2) - 1*-1 is divided by t.
0
Let y be 3 + (-6)/(-3) - 0. Suppose -5*v + 189 = -w, -3*v + v + y*w = -71. Calculate the remainder when v is divided by 13.
12
Let b be (-6 - -1)*9/(-15). Suppose u - 15 = -a - b*u, 0 = -2*a + 4*u + 54. Suppose -w + 40 = 4*w. Calculate the remainder when a is divided by w.
7
Let h(j) = -10*j + 4. Let w be h(-6). Let g = w + -44. Calculate the remainder when g is divided by 7.
6
Let g(d) = -d**2 + 9*d - 5. What is the remainder when 63 is divided by g(3)?
11
Suppose 0 = -l - 2*i - 1, 4*i + i + 15 = 0. Let m(k) = -k**3 + 4*k**2 + 7*k - 3. Calculate the remainder when 18 is divided by m(l).
4
Let n(d) = 2*d - 3. Let v be n(10). Suppose 0 = -5*a + z + 189, a - 12 = -2*z + v. Calculate the remainder when a is divided by 10.
7
Suppose 0 = -s - 3, 5*o - 2*s - 3*s - 60 = 0. What is the remainder when 33 is divided by (-1)/(-3 - (-26)/o)?
6
Calculate the remainder when 44 is divided by 10/1 + (4 - 2).
8
Suppose 0 = -4*d + 5*d - 22. Calculate the remainder when d is divided by 8.
6
Let v = -12 + 14. What is the remainder when 4 is divided by v?
0
Suppose -2*s + 19 - 7 = -5*x, 12 = 2*s + 5*x. What is the remainder when 11 is divided by s?
5
Let m = 3 + -6. Let l be 2/m + 56/3. Suppose -3*k + l = -0*k. What is the remainder when 17 is divided by k?
5
Let f = -8 - -6. Let a be -6*(8/(-3) - f). Suppose a*y - 47 - 31 = -2*v, -19 = -v + 2*y. What is the remainder when v is divided by 10?
9
Let o = -8 - -13. Calculate the remainder when (51/o)/(1/5) is divided by 13.
12
Suppose w = o - 86, 0*o = -2*o - 2*w + 172. Calculate the remainder when o is divided by 22.
20
Suppose -4 + 3 = 4*q - 5*y, 4*q - 2*y - 2 = 0. Suppose 0 = 4*n + 4, -5*n - 11 = -x + q. What is the remainder when x is divided by 4?
3
Let y = -4 + 13. Let m(a) = -8*a**2 - a. Let t be m(1). Let u = y - t. What is the remainder when 34 is divided by u?
16
Suppose q - 3*b - 3 = 0, -5*b - 11 = 4*q - 6*q. Let p = q - -10. Calculate the remainder when p is divided by 15.
13
Let g = -56 + 60. What is the remainder when (11 + -1 - 0)*1 is divided by g?
2
Let g(x) = 2*x**2 - 4*x - 5. Calculate the remainder when g(4) is divided by 7.
4
Let p = 76 - 54. Calculate the remainder when 86 is divided by p.
20
Let m(v) be the second derivative of v**3/6 - 4*v**2 + 2*v. Calculate the remainder when m(10) is divided by 1.
0
Let z(p) = 2*p**3 + 8*p + 0*p - 9*p. What is the remainder when z(2) is divided by 4?
2
Suppose b - 12 = -2*b. Suppose 32 = 8*i - b*i. Calculate the remainder when 23 is divided by i.
7
Let y = -114 - -154. What is the remainder when 155 is divided by y?
35
Let d be (-1)/3 + 1/3. Suppose -2 = 4*o + 2*w + 12, 3*o - 2*w = d. What is the remainder when 1 is divided by -3*(-2)/o + 4?
0
Suppose 2*n - 5 - 23 = 0. Let b = n + -5. What is the remainder when 44 is divided by b?
8
Let b(p) = p**2 - 11*p - 9. What is the remainder when 32 is divided by b(13)?
15
Suppose -4*r = -11 - 25. What is the remainder when r is divided by 3?
0
Suppose 4*s - 38 = 62. What is the remainder when s is divided by (1 + -2)*-13 + 0?
12
Let w = 18 + -13. Suppose -4*q = -9*q - 2*j + 82, -2*q + 16 = 5*j. Suppose -w*g - 3*r = -0*g - 92, -g - r = -q. What is the remainder when g is divided by 10?
9
Let w(g) = g**2. Let q(r) = -r**2 + 2*r - 7. Let s(k) = q(k) + 2*w(k). Calculate the remainder when s(-7) is divided by 15.
13
Let l(z) = 5*z**2 + z + 1. Let a = -98 - -106. Calculate the remainder when a is divided by l(-1).
3
Let p = 70 - 36. Calculate the remainder when p is divided by (-3)/12 + (-98)/(-8).
10
Suppose 5*x = 5*s - 5, 0*x - 4*x = -s + 7. What is the remainder when 34 is divided by x/4 + (-175)/(-14)?
10
Suppose -15 = -5*i - 5*g, -2*i + 16 = -0*i - 3*g. Suppose 31*w - 15*w = 352. Calculate the remainder when w is divided by i.
2
Let a(n) = n - 2. Let i be a(5). Let k(t) = 0*t + 0*t + 4 + i*t. What is the remainder when k(11) is divided by 13?
11
Suppose 4*f = 6*f - 10. What is the remainder when 19 is divided by f?
4
Let f(n) = -n - 1. Let b be f(-7). Let l be (b/9)/(4/102). Let a = l - 7. Calculate the remainder when a is divided by 6.
4
Suppose -35 = 3*b - 7*b + n, 0 = 3*n + 9. Suppose -b = -5*v + 7. Suppose -v*t = 2*t - 5. What is the remainder when 2 is divided by t?
0
Let f(l) = 2*l**2 - 28*l - 21. Calculate the remainder when f(18) is divided by 14.
11
Suppose -b - 14 = -l - 0*l, 5*l = 2*b + 70. What is the remainder when 68 is divided by l?
12
Suppose l = 4*y + 34, 0 = -l - 4*y + 18 - 8. Let z = -139 + 203. Calculate the remainder when z is divided by l.
20
What is the remainder when 48 is divided by 36/10 - (-12)/30?
0
What is the remainder when ((-201)/12 - 1)*-4 is divided by 19?
14
Let q be (-34)/(-8) - (-2)/(-8). Suppose -q*h = -5*p - 6*h + 66, -12 = -p - h. What is the remainder when 39 is divided by p?
11
Suppose 5*d = d + 52. Suppose -2*i + i = -5*h - 16, 3*i - 120 = -3*h. What is the remainder when i is divided by d?
10
Suppose -8*l - 220 = -13*l. Let c = 8 - 3. Suppose -c*i = -i - l. What is the remainder when i is divided by 4?
3
Suppose j = 2*j - 4. Let q be (2/(-4))/((-1)/j). What is the remainder when 4 is divided by (q/(-5))/(2/(-10))?
0
Suppose 0 = 5*b + 15 - 50. What is the remainder when 7 is divided by b?
0
Suppose 0 = -3*q - 2*q, 5*p + 4*q - 10 = 0. Suppose 5 = b - p. Calculate the remainder when b is divided by 4.
3
Suppose -4*w = 3*c - 177 - 246, 214 = 2*w + 4*